. Suppose -5*w + 2*m = -3267, 0 = -j*w - 2*m - 19 + 1337. Is w a composite number?
True
Is (-120)/(-48)*279596/10 a prime number?
True
Suppose 35*p = 39*p - 864. Let i = 523 - p. Is i composite?
False
Let c = -98107 - -155118. Is c a prime number?
False
Let z(w) = -7*w + 3. Let p be z(0). Suppose 4*d = -p*d - 2*d. Is (0 - (-1)/(-4)*d) + 1741 a composite number?
False
Suppose 124*s - 44*s = 1008080. Is s a composite number?
False
Let g(a) = -6*a**2 - 1961*a**3 + 17647 + 1962*a**3 + a - 2*a**2. Is g(0) composite?
True
Let p = 11 + 37. Let g = p + -38. Is 5/g*314*1 composite?
False
Suppose -22598 = 546*q - 547*q - 3*h, 2*h = -4*q + 90322. Is q a prime number?
False
Suppose -17*w + 15*w - 2*j = -38060, 0 = 2*j + 2. Is w prime?
True
Suppose -1549*x = -1528*x - 1875909. Is x a prime number?
True
Suppose -3*t - q = -600236, -711788 - 288572 = -5*t + 5*q. Is t a prime number?
False
Let p be (291/9 - 3) + 4/6. Suppose -p = 2*u - 650. Suppose 5*k - u = -5*a, 5*a = 4*a + 3. Is k prime?
True
Suppose 3*a + 19 + 8 = 0. Let k(t) = -6*t**3 - 10*t**2 + 3*t - 6. Let j be k(a). Suppose -u + 1177 = 5*y, -4*y + y = -3*u + j. Is u a prime number?
False
Suppose -4*l + 7815 = -44*t + 47*t, 2*l + 7833 = 3*t. Is t a prime number?
True
Suppose -108*x - 341909 = -1015005 - 758228. Is x prime?
False
Let u(d) = 4*d - 228*d**2 - 11 + 7 - 11*d. Let z be u(-2). Let b = -435 - z. Is b a composite number?
False
Let d be (-32)/(-14)*(6 - -1). Is (0 - (-12738)/9)*24/d a prime number?
False
Suppose 0 = 3*s - 2 - 4. Let b be (2*(-4)/20)/(s/(-50)). Suppose -7*y - 3261 = -b*y. Is y composite?
False
Suppose -14046945 - 21535806 = 117*b - 168*b. Is b composite?
True
Let x = -21 + 65. Suppose -2*z - x = -4*z. Is -3 + 62/z + 17199/33 composite?
False
Suppose -3*i + 454995 = 3*l, -l - 35*i + 30*i = -151681. Is l composite?
True
Let g(f) = 16*f**3 - f**2 - 8*f + 4. Let u be g(4). Let z = u + -472. Suppose 5*l = l + z. Is l a composite number?
False
Suppose 29*g + 20 = 33*g. Suppose -4*x = -1 + 5, -2*a - 29 = g*x. Is (-13 - a)/(1/(-1043)) composite?
True
Suppose 2 - 7 = a, 5*d - 198915 = 4*a. Is d composite?
False
Let u = 591 + -586. Let t(v) = -8*v + 155. Is t(u) a prime number?
False
Let h be -5*(2/(-3))/(10/6). Let l be ((-6)/(-12)*h)/((-2)/(-6)). Suppose -l*o - 2*c = -1901, 3139 = 5*o - 0*c - 4*c. Is o composite?
False
Let i be 28975 + (-1 + -1)*60/24. Is (3/6)/(5/i) composite?
False
Suppose -71 = -2*o + 79. Is 79097/15 + (-10)/o a prime number?
True
Let v = 0 - -16. Let d be (28/24*3)/(4/v). Is ((-7)/d)/((-1)/1814) prime?
True
Let b(c) = -90*c + 1 + 46*c + 42*c. Let y be b(-1). Suppose -810 = -2*i + 5*r - 259, -y*r - 1387 = -5*i. Is i prime?
False
Let n(k) = 15*k**2 + 2*k + 17. Let a be (-215)/45 - (-4)/(-18). Let t be n(a). Suppose -4*h + 167 + t = g, 2*g = -5*h + 1092. Is g a prime number?
True
Let o = -1191 + 1390. Suppose l + 4 = 2*l. Suppose 2*p = -3*b - b + 194, l*b + p = o. Is b prime?
False
Suppose 1568 = 8*p - p. Suppose -3*w - 3*b - 2*b + 752 = 0, w - 5*b = p. Suppose -3*x - w = -661. Is x prime?
True
Suppose -70*w + 3616701 = 48*w - 18592433. Is w prime?
False
Let m be 20/8*(-72)/(-30). Is (((-134874)/4)/(-9))/(m/12) a composite number?
True
Let y(l) = l**2 - l - 3. Let z be y(0). Let q be ((-1156)/6)/((-45)/540). Is -2 - q/z - 2/(-6) a prime number?
True
Let a = 5225 + -3072. Is a a composite number?
False
Let z(a) = 6*a + 18*a + 49*a + 214*a + 48. Is z(9) a prime number?
False
Let b(r) = -30*r**3 - 7*r**2 + 14*r. Let a(i) = -i**2 + i - 1. Let k(t) = -6*a(t) + b(t). Suppose 0 = 21*d + 54*d + 375. Is k(d) a composite number?
False
Suppose 7*q - 17*q = -30. Is 1 + q/(-2) + 75087/18 a composite number?
True
Suppose 8*h - 7*h - 12 = 0. Suppose 23*a - 33 = h*a. Is (-17633)/(-14) - a/(-2) prime?
False
Let p(f) = 166*f + 64. Let h be p(11). Let y be 2928 - -2 - 1/1. Let g = y - h. Is g composite?
False
Suppose -u + 3*g + 1 = 0, -4*g + 13 = 2*u + g. Suppose -2*y + u + 4 = 0. Suppose -i + 521 = -y*d - d, -4*i + d = -2084. Is i prime?
True
Is ((-498138)/(-16))/((-1185)/(-3160)) a composite number?
False
Let i be (-50)/8 + 5 - (-5)/4. Let a = -12 + 20. Suppose 2*s - 32 = -w, -4*w + i = -a. Is s a prime number?
False
Let k = 1254410 - 794032. Is k a prime number?
False
Suppose -539*v - 46974 = -545*v. Is v a prime number?
True
Let f = -37 + 131. Suppose -k - 25 = f. Let w = k + 205. Is w composite?
True
Let f(l) = 3*l**3 + l**2 + 29*l - 5. Suppose 0 = -164*g + 165*g - 6. Is f(g) a composite number?
False
Let y(s) = 161*s - 32. Let p be y(5). Suppose -o + 4558 = p. Is o composite?
True
Let x = -29 + 1755. Is x a composite number?
True
Suppose k = 5*k - 12. Suppose -5*f = i + k, 3*i - f - 16 = i. Let u(m) = 242*m - 1. Is u(i) a composite number?
False
Suppose 9*j = 4*j + 15, 2*j + 14 = 4*y. Let p(b) = -7 - y*b + 85*b**2 + 13*b - b. Is p(5) prime?
True
Suppose 32*w - 17728116 = 831148. Is w a composite number?
True
Let z(r) = 1758*r + 40. Let t be z(-3). Let b = 9975 + t. Is b composite?
True
Is 7049/10*4 + 540/(-900) prime?
True
Let x(m) = -228*m + 35. Let d be -9 + (-10)/2 + 3. Is x(d) composite?
False
Suppose -27832 = -7*k + 123550. Suppose 15*w = 4369 + k. Is w a prime number?
True
Let o = -482 + 647. Is (-325575)/(-55) - 90/o prime?
False
Suppose 42508 = 5*c - i, -11*c + 5*i = -7*c - 34019. Is c a composite number?
False
Is (-36165)/(-2)*-10*(-25)/375 composite?
True
Let g(n) = 2*n**2 - 31*n - 49. Let f be g(17). Suppose o + t - 8087 = 0, t = 2*o + f*o - 32328. Is o a prime number?
False
Suppose -2*l + 3*l - 4 = 0, 5*u + 2*l = 43. Suppose 9*d - 63310 = u*d. Suppose -15*j + 2*j = -d. Is j composite?
True
Is 1/((-3)/38299*40/(-120)) prime?
True
Suppose -m = 5*x - 29, 5*m = -3*x + 3*m + 16. Let i = x + -2. Suppose k - g = 3*g + 31, i*k - 4*g = 124. Is k prime?
True
Let u(k) = -59 - 2351*k - 18 + 523*k. Is u(-3) a prime number?
True
Is (-14 + 6531/231)*42779 a prime number?
False
Is 5397215/225*3 - 16/(-120) composite?
False
Suppose -5*a + 9 - 43 = 3*t, -5*a = -5*t - 110. Is (-17644)/(-7) - t/42*1 a prime number?
True
Let u be 24/10 + -2 - 359696/40. Let j = u - -13283. Is j composite?
True
Suppose 2 = -2*h - 4. Let a(b) = -b + 210*b**2 - 683 - 678 - 676 + 2039. Is a(h) prime?
False
Let a(v) be the first derivative of -9*v**2 + 4*v - 43. Is a(-3) composite?
True
Is (-104507)/78*10*6/(-10) prime?
True
Let a(x) = 16*x - 28. Let k be a(2). Suppose -4903 = -k*r + v, 0 = -3*r - 3*v - 458 + 4139. Is r a composite number?
True
Is (-11)/(44/(-4))*9587 a prime number?
True
Let t(h) = -79*h - 3. Let u be 2/(-4) - (-770)/44. Let j(w) = -236*w - 9. Let l(d) = u*t(d) - 6*j(d). Is l(2) composite?
False
Let y(d) be the second derivative of 37*d**3/6 - 133*d**2/2 + 117*d + 1. Is y(15) a prime number?
False
Let g = 5882 - 2719. Is g a prime number?
True
Let s = 325599 - 117490. Is s composite?
True
Is -2 - -424796 - (-39 + 28) a prime number?
False
Let l(k) = -322*k - 2153. Is l(-86) prime?
False
Let i(z) = 2*z**3 + 3*z**2 + 4*z + 3. Let c be i(-2). Let m = c - -12. Suppose 13*a - m*a = 6230. Is a prime?
False
Let d(i) = 4*i + 54. Let c be d(-13). Suppose 8*r + 1284 = y + 3*r, 5*y - c*r = 6305. Is y a prime number?
True
Suppose -z = -3*q - 48, -z - 3*q + 56 = -2*q. Suppose 55*p - 2053 = z*p. Is p a prime number?
True
Let w = 413426 + -65245. Is w a prime number?
True
Let h(b) be the second derivative of -26*b**3 + 13*b**2/2 + 21*b + 1. Is h(-3) a prime number?
False
Let i(h) = 29*h**3 + 17*h**2 + 4*h + 149. Is i(17) a prime number?
True
Let d(f) = -21827*f - 5229. Is d(-28) prime?
False
Let s = -29180 - -9431. Let d = 35350 + s. Is d prime?
True
Let j = 54 + -49. Suppose s = -w + j*s - 13, -4*w - 2*s = -38. Suppose -2*u - 2465 = -w*u. Is u composite?
True
Let u = 25 + -23. Suppose -6*s + u*s + 196 = 0. Suppose 8*l + s = 9*l. Is l prime?
False
Let d(l) = -2*l - 20. Let c be d(-9). Let r be (c/7)/((-3)/21). Suppose r*y = 4*y - 38. Is y prime?
True
Suppose 0 = -105*s + 83*s + 242. Is ((-77)/84)/s + (-116042)/(-24) a composite number?
True
Let q be (2/1 + 28/(-10))*5. Let u be (1 + (-30)/(-18))/(q/(-6)). Is ((2*-514)/u)/(-1 - 0) a composite number?
False
Suppose -4169 = a - 1130. Suppose 4*j + 6*v + 4378 = 0, 0 = -9*v + 12*v + 9. Let c = j - a. Is c prime?
True
Let v be 10/4*2748/20*36. Let b = -4793 + 